26*i = j - 5717. Calculate the remainder when j is divided by 88.
85
Let s = 9850 - 9736. Calculate the remainder when 455 is divided by s.
113
Let d(i) = i**2 - 4*i + 18. Let g be ((-24)/(-15))/(1/5). What is the remainder when d(g) is divided by 17?
16
Suppose -88*t - 65*t = -223*t + 167440. What is the remainder when t is divided by 47?
42
Suppose -3*k + 5*k = 28. Suppose -k*y + 270 = 16*y. What is the remainder when 34 is divided by y?
7
Let y = 0 - -34. Let b(k) = 14*k**2 - 940*k + 1884. Calculate the remainder when b(2) is divided by y.
26
Suppose 876 = -5*g + 4*q, 7 = -2*q + 5. Let z = 185 + g. Calculate the remainder when z is divided by (3 - -2)*(-12)/(-10).
3
Suppose -2664 = -5*b - 67*b. What is the remainder when 993 is divided by b?
31
Let s(d) = 2*d**2 + 11*d - 3345. What is the remainder when s(40) is divided by 77?
64
Calculate the remainder when 264 is divided by 4/4 + -1 + 448/16.
12
Suppose 388 = 8*r - 4*c, 4*c - 2*c - 112 = -2*r. What is the remainder when 743 is divided by r?
29
Suppose 5*c + 3*s = 12164, 1442*s = 3*c + 1439*s - 7308. Calculate the remainder when c is divided by 58.
56
Let p = -45 - -76. Suppose 2*w - p = 5*g, -4*g = 3*w + 6 + 5. Suppose 4*l - 207 = -w*t - 2*t, -10 = 5*l. What is the remainder when t is divided by 11?
10
Suppose 4*h + 8 = 40. Suppose 0 = -159*p + 69*p + 147*p - 2679. Calculate the remainder when p is divided by h.
7
Let m = -91 + 87. Let n = 13 - 6. Calculate the remainder when 41/(m/(-8 + 4)) is divided by n.
6
Let u = -3104 + 3113. Calculate the remainder when (4/5)/(2/395) is divided by u.
5
Suppose 127*v + 2*x = 124*v + 4480, 3*x - 2990 = -2*v. What is the remainder when v is divided by 44?
40
Suppose 2*i + 2*a - 10 = 0, -2*a = i - 6*i + 4. Suppose o = 3*j - 43, -5*j - 237 = 5*o + 38. Calculate the remainder when i is divided by (-6)/2 - o/13.
0
Let x(h) = h**3 - 4*h**2 - h + 6. Let b be x(5). Let p(g) = -2*g**3 - 13*g**2 + 47*g + 41. What is the remainder when p(-9) is divided by (b/4)/((-2)/(-4))?
10
Suppose 20103 - 16693 = 10*r. What is the remainder when r is divided by 88?
77
Suppose 2*d = d + 4. Suppose -44*m + 877 = -4810 - 253. Suppose b + 5*k + m = 6*b, -2*b + d*k = -46. What is the remainder when b is divided by 6?
1
Suppose -29*s = -21*s - 296. Let n(x) = -x**3 + 38*x**2 - 36*x - 18. What is the remainder when 379 is divided by n(s)?
18
Suppose 0*y = -y + 2*y. Suppose -4*a + 85 = 5*z - 17, -3*z - 6 = y. What is the remainder when 72 is divided by a?
16
Suppose -24*p + 18 = -15*p. Suppose -c = 4*x - 173, 0*x = p*x - 5*c - 59. What is the remainder when 671 is divided by x?
41
Suppose 1462*y - 285*y + 304*y = 16291. Let s(j) = 32*j**2 + j + 2. What is the remainder when s(3) is divided by y?
7
Suppose 3*b = 5*p - 10, 0 = 2*b - 5*p + 8 + 7. Suppose -15 = -3*s, 2*s + b = 5*d + s. Suppose d*u + 212 = 6*u. Calculate the remainder when u is divided by 19.
15
Suppose o - 11 = -6. Suppose -42 = -2*y - y - o*f, -5*y + 39 = -2*f. What is the remainder when 35 is divided by y?
8
Suppose -86 = -7*p - 44. Suppose -5*x - 2*m + 104 = 0, -9*x - m = -p*x - 62. Calculate the remainder when 238 is divided by x.
18
Let w(p) be the first derivative of -3*p**2/2 - 24*p + 9. Let c be w(-8). Calculate the remainder when c + (6/4)/((-5)/(-30)) is divided by 4.
1
Let t = -95 + -245. Let q(m) = 8*m**2 + 46*m - 84. Calculate the remainder when q(2) is divided by (-4)/(-10) + t/(-25).
12
Let q(y) = -y - 2. Let i(z) = 124*z + 4. Let p(f) = i(f) - q(f). What is the remainder when p(1) is divided by 24?
11
Let l be -3 - -1 - 16/2. Let q = -5 - l. Let t(p) = 69*p**2 + 7108*p + 124. What is the remainder when t(-103) is divided by q?
1
Let w be -2 - -4 - 9/3. Suppose p + 11 = 4*i, 0*p - 14 = -4*i - 2*p. What is the remainder when 15 is divided by w/((-5 + i)*(-2)/(-36))?
6
Calculate the remainder when ((-3)/2 + 0)*820/(-15) is divided by 57.
25
Let k = -11868 + 11890. Calculate the remainder when 1249 is divided by k.
17
Let i(x) = x**2 - 17*x + 14. Let v be i(18). Let h be (6 + 1)*(-8)/(v/4). Let t = 279 - h. What is the remainder when t is divided by 18?
16
Let g = 67 + 18. Let b(p) = 7*p - 3*p - 2*p - 4*p - 11. What is the remainder when g is divided by b(-11)?
8
Let t = 137 + -108. Suppose t*l - 368 = 444. What is the remainder when l is divided by 15?
13
What is the remainder when 254 is divided by (-6)/(-18)*((-5 - 3) + 560)?
70
Let j(z) = 5*z**3 - 5*z**2 - 149*z + 753. What is the remainder when j(6) is divided by 160?
119
Suppose 5*n - 300*o = -303*o + 185, 2*n - o = 85. Calculate the remainder when 817 is divided by n.
17
Suppose 0 = -3*b - 3*x + 753, -6*x = -b - 4*x + 266. Let c = -125 + 214. What is the remainder when b is divided by c?
78
Suppose -4*y + 572240 = -20*y. Calculate the remainder when 2/9 - y/207 is divided by 62.
49
Let x = -97 - -135. Let j be (-60)/(-8) + (-6)/4. Let d = x + j. What is the remainder when d is divided by 15?
14
Let f(q) = -110*q - 945. Let r(o) = -o**2 - 9*o + 18. What is the remainder when f(-9) is divided by r(-10)?
5
Suppose -10*l + 6*l = -2*f - 8, -4*l + 4*f + 8 = 0. Suppose -4*d - b + 109 - 34 = 0, l*b - 6 = 0. What is the remainder when 49 is divided by d?
13
Suppose 0 = -6*a - 383 + 119. Let n = a + 46. Suppose 0 = -n*f - 3 + 69. Calculate the remainder when f is divided by 4.
1
Let d(n) = -n + 12. Suppose -84 = 18*h - 17*h. Let p = -46 - h. What is the remainder when p is divided by d(-2)?
10
Let p(v) = v**3 + 12*v**2 + 26*v + 11. Let c be p(-9). Suppose f = -5*i + 1200, 3*f = c*i - 15*i + 3540. What is the remainder when f is divided by 18?
15
Calculate the remainder when 3/1*(3 - 17/(-3)) is divided by (-2)/(-8) - 329/(-28).
2
Let x be (-2)/(-6) - (-29)/3. Suppose -3*s + 253 = 175. Calculate the remainder when ((-154)/4)/((-5)/x) is divided by s.
25
Let g = -20958 + 21506. What is the remainder when 1134 is divided by g?
38
Suppose -385 + 181 = -6*m - 168. Calculate the remainder when 1372 is divided by m.
4
Let d = -80 - -68. What is the remainder when 341 is divided by (-519)/d - (-4)/144*-9?
40
Suppose 15609 = 21*q - 11425 + 6076. Calculate the remainder when q is divided by 77.
74
Suppose 32*p = 4*b + 34*p - 74, 10*b + p = 229. Suppose -70 = -5*k + 355. Calculate the remainder when k is divided by b.
13
Let q(p) = p + 24. Let m be q(-5). Suppose m*b = 133 + 57. Let s(y) = 8*y**2 - 4*y - 3. Calculate the remainder when s(-2) is divided by b.
7
Let d(t) = 24*t - 31. Let y be d(-5). Let n = y - -179. Calculate the remainder when 99 is divided by n.
15
Suppose 0 = 4*c - 3*o + 3, 4 - 14 = -5*c + o. What is the remainder when 63 is divided by -5*-8*c/90*39?
11
Suppose 0 = -2*x + 2972 + 500. Suppose s = -27*s + x. What is the remainder when s is divided by 36?
26
Calculate the remainder when (-528)/(-198) - (-4)/(48/7708) is divided by 157.
17
Let i be (-7 + 89)*(-1 + (-2)/(-4)). Let p = -30 - i. What is the remainder when 16 is divided by p?
5
Let s be 6 + 591 + -5 - 2. Let r = -533 + s. What is the remainder when 626 is divided by r?
56
Let j(p) = -30*p + 29. Let v be j(-4). Let h = v + -135. Calculate the remainder when 27 is divided by h.
13
Let c(a) = 903*a - 210. What is the remainder when c(1) is divided by 42?
21
Suppose -13*y - 18 = -7*y. Let b = 20 - y. Calculate the remainder when b is divided by -12*(-1)/(0 - -1).
11
Let l = -235 + 271. Let p be (9/3)/(3/2). Suppose p*b = b - 3, -65 = -c - 2*b. Calculate the remainder when c is divided by l.
35
Let m = 360 + -356. Suppose 6*k - m*o = 3*k + 70, k - 22 = 2*o. What is the remainder when (-210)/(-8)*16/6 is divided by k?
18
Suppose -3*c + 49 = -4*d - 293, c - d = 115. Let h(b) = b**2 - 5*b + 10. What is the remainder when c is divided by h(7)?
22
Let k = 9951 - 9613. Calculate the remainder when 733 is divided by k.
57
Suppose -2*h - 476 = -4*h. Suppose -4*y + 4*o + 264 = -o, y = 4*o + 55. Let w = 83 - y. What is the remainder when h is divided by w?
10
Suppose 52*y + 46*y = 101*y - 369. Calculate the remainder when 455 is divided by y.
86
Suppose -7*i + 7467 + 1811 = -410. What is the remainder when i is divided by 458?
10
Let z = 779 + -565. Calculate the remainder when z is divided by ((-3286)/(-265))/(1/(5/2)).
28
Let a be (-11 - 61)*(3 + -2 + 0). Suppose m + 1 = 11. Calculate the remainder wh